{"id":637,"date":"2016-07-15T17:41:07","date_gmt":"2016-07-15T15:41:07","guid":{"rendered":"http:\/\/www.barbara-saladin.ch\/?page_id=637"},"modified":"2026-01-08T19:01:29","modified_gmt":"2026-01-08T18:01:29","slug":"die-babo-geschichten","status":"publish","type":"page","link":"https:\/\/www.barbara-saladin.ch\/?page_id=637","title":{"rendered":"Die Babo &#8211; Geschichten"},"content":{"rendered":"<p>Es ist wirklich eine ganz besondere Geschichte, wie die Babo \u2013 Geschichten entstanden sind.<br \/>\nZuerst ins Blaue hinein\u2026 vor etwa 10 Jahren\u2026 eine um die andere. Ohne Ziel\u2026 ohne zu wissen, f\u00fcr was.<br \/>\nDann mit der Zeit immer mehr und immer \u00f6fter. Viele Dinge, die mir passierten, viele Gedanken, die ich mir machte, fanden so den Weg zu Babo\u2026 denn die war ja selber auf dem Weg.<br \/>\nIch erlebte nun, dass, wenn man sich auf den Weg macht, ganz viel in Bewegung kommt\u2026<br \/>\nAlte Geschichten\u2026 Erlebnisse\u2026 Auf einmal sind sie wieder da\u2026 und ich betrachte sie mit ganz anderen Augen.<br \/>\nAh, das ist ja spannend!, sagt dann Babo und l\u00e4uft weiter.<br \/>\nUnd so f\u00fcllte sich der Ordner mit den Geschichten immer mehr&#8230;<br \/>\nIch liess Freundinnen im Ordner bl\u00e4ttern\u2026 ganz spontan.<br \/>\nEine Freundin w\u00fcnschte sich zum Geburtstag eine Babo \u2013 Geschichte. Ich nahm den Ordner mit den Geschichten mit zum Fest \u2026<br \/>\nUnd da geschah es\u2026<br \/>\nNicht nur meine Freundin w\u00e4hlte intuitiv in den Seiten des Ordners ihre Geschichte. Nein, auch die Anwesenden wollten nun unbedingt ihre eigene Geschichte finden.<br \/>\nDaraufhin sagte ich spontan zu einer Frau in der Runde:<br \/>\nSteck doch mal deinen Finger in den Ordner&#8230;<br \/>\nUnd was passierte?<br \/>\nDie Frau las genau ihre Geschichte&#8230; und die erz\u00e4hlte ihr ganz viel \u00fcber sie selber&#8230; \u00fcber ihr Denken, F\u00fchlen und wie sie ihr Leben lebte.<br \/>\nSie war sehr ber\u00fchrt.<br \/>\nUnd ich verstand&#8230;<br \/>\nSo fanden die Geschichten von Babo, die unterwegs zum Meer ist, auf wundersame Weise den Weg zu den Menschen.<br \/>\nUnd kurz darauf fand sich auch ein Verleger, der mir, nachdem er die Geschichten gelesen hatte, schrieb: Selbst aus einfachsten Begebenheiten verm\u00f6gen Sie einen Kern Lebensweisheit herauszusch\u00e4len. Und die Kerne wirken nach, denn sie bringen sich gelegentlich ins Gedankengeschehen ein. Gerne bin ich Ihnen behilflich, die Geschichten zum Buch werden zu lassen und sie so zum Klingen zu bringen.<br \/>\nDas war genau die Person, auf die ich gewartet hatte.<br \/>\nUnd so machten wir uns daran, die Geschichten in ein Buch zu fassen.<br \/>\nDas ist nun geschehen und im Oktober 2016 ist es erschienen: Babo auf dem Weg, mit 77 Wohlf\u00fchl \u2013 Geschichten im C. F. Portmann Verlag.<br \/>\nSie k\u00f6nnen das Buch in jeder Buchhandlung kaufen und intuitiv Ihre Geschichte w\u00e4hlen.<br \/>\nVielleicht fragen Sie sich am Morgen: Was bringt mir der Tag?<br \/>\nSie schlagen spontan eine Seite auf\u2026 und lesen Ihre Antwort.<br \/>\nManchmal verstehen Sie das Leben nicht und so fragen Sie sich: Was soll das Ganze? Warum bin ich \u00fcberhaupt da?<br \/>\nIntuitiv \u00f6ffnen Sie irgendwo das Buch\u2026<br \/>\nSie werden erstaunt sein\u2026 denn da ist Ihre Antwort.<\/p>\n","protected":false},"excerpt":{"rendered":"<p>Es ist wirklich eine ganz besondere Geschichte, wie die Babo \u2013 Geschichten entstanden sind. Zuerst ins Blaue hinein\u2026 vor etwa 10 Jahren\u2026 eine um die andere. Ohne Ziel\u2026 ohne zu wissen, f\u00fcr was. Dann mit der Zeit immer mehr und immer \u00f6fter. Viele Dinge, die mir passierten, viele Gedanken, die ich mir machte, fanden so&hellip; <a class=\"more-link\" href=\"https:\/\/www.barbara-saladin.ch\/?page_id=637\"><span class=\"screen-reader-text\">Die Babo &#8211; Geschichten<\/span> weiterlesen<\/a><\/p>\n","protected":false},"author":1,"featured_media":0,"parent":0,"menu_order":0,"comment_status":"closed","ping_status":"closed","template":"","meta":{"footnotes":""},"class_list":["post-637","page","type-page","status-publish","hentry","entry"],"_links":{"self":[{"href":"https:\/\/www.barbara-saladin.ch\/index.php?rest_route=\/wp\/v2\/pages\/637","targetHints":{"allow":["GET"]}}],"collection":[{"href":"https:\/\/www.barbara-saladin.ch\/index.php?rest_route=\/wp\/v2\/pages"}],"about":[{"href":"https:\/\/www.barbara-saladin.ch\/index.php?rest_route=\/wp\/v2\/types\/page"}],"author":[{"embeddable":true,"href":"https:\/\/www.barbara-saladin.ch\/index.php?rest_route=\/wp\/v2\/users\/1"}],"replies":[{"embeddable":true,"href":"https:\/\/www.barbara-saladin.ch\/index.php?rest_route=%2Fwp%2Fv2%2Fcomments&post=637"}],"version-history":[{"count":9,"href":"https:\/\/www.barbara-saladin.ch\/index.php?rest_route=\/wp\/v2\/pages\/637\/revisions"}],"predecessor-version":[{"id":1789,"href":"https:\/\/www.barbara-saladin.ch\/index.php?rest_route=\/wp\/v2\/pages\/637\/revisions\/1789"}],"wp:attachment":[{"href":"https:\/\/www.barbara-saladin.ch\/index.php?rest_route=%2Fwp%2Fv2%2Fmedia&parent=637"}],"curies":[{"name":"wp","href":"https:\/\/api.w.org\/{rel}","templated":true}]}}