{"id":377,"date":"2013-08-01T09:52:09","date_gmt":"2013-08-01T07:52:09","guid":{"rendered":"http:\/\/www.barbara-saladin.ch\/?page_id=377"},"modified":"2026-01-25T14:22:52","modified_gmt":"2026-01-25T13:22:52","slug":"der-weg","status":"publish","type":"page","link":"https:\/\/www.barbara-saladin.ch\/?page_id=377","title":{"rendered":"Mein Weg"},"content":{"rendered":"<p>Ich habe eine Idee und beginne mit dem Bleistift auf Papier zu schreiben&#8230; Ich schreibe mich ein. Mit der Zeit fliesst es\u2026 ganz leicht kommen die Worte. Die Geschichte nimmt ihren Lauf\u2026 Ich bin ganz in der Geschichte\u2026 Es schreibt\u2026 Ich bin gl\u00fccklich\u2026 Sp\u00fcre, dass da etwas geschieht\u2026 dem ich mich ganz hingebe\u2026 Wie von selbst f\u00fcgt sich ein Schluss\u2026<br \/>\nSp\u00e4ter lese ich die Geschichte und bin \u00fcberrascht, wie stimmig sie sich anf\u00fchlt\u2026 Manchmal denke ich: Da w\u00e4re ich nie draufgekommen\u2026 Sie ist so rund\u2026 so ganz\u2026 So, wie man sich das Leben w\u00fcnscht. Ganz authentisch und ganz echt.<br \/>\nIch empfinde immer grosse Dankbarkeit f\u00fcr das, was ich erlebe und da ist auch der Wusch, dass die, die das lesen auch diese Freude sp\u00fcren\u2026<br \/>\nSchauen Sie einfach selber, wie es Ihnen ergeht\u2026<br \/>\nDer Schluss einer Geschichte ist vielfach offen und so fragen mich die Leute an einer Lesung: Wissen Sie denn keinen Schluss? Ich h\u00e4tte so gern einen Schluss, an dem alle zufrieden und gl\u00fccklich sind!<br \/>\nDa muss ich lachen, denn ich w\u00fcsste ganz viele Schl\u00fcsse\u2026 Bei einem offenen Schluss k\u00f6nnen Sie mit Ihrer Fantasie weiterfahren und so ihren eigenen Schluss machen. Dann ist es n\u00e4mlich ihre Geschichte!<br \/>\nWie an der Schreibwerkstatt, zu der Interessierte kamen und sagten: Ich w\u00fcrde so gern schreiben, aber ich kann es nicht! Dann antworte ich meistens: Jetzt setzen Sie sich erstmal und dann schaun wir mal!<br \/>\nUnd was glauben Sie, was ich da schon alles erlebt habe!<br \/>\nAm Schluss lesen die Leute das, was sie geschrieben haben vor und sagen dann: Ich kann nicht glauben, dass das von mir ist!<br \/>\nJa, das steckt alles in Ihnen drin, antworte ich dann\u2026 und alle m\u00fcssen lachen.<br \/>\nOft im Literaturklub in Gossau \u00fcber 25 Jahre erlebt!<br \/>\nSo sind auch die 365 Geschichten in 20 Jahre entstanden. Immer wieder mal eine Geschichte\u2026<br \/>\nVor zwei Jahren habe ich sie mir dann mal angeschaut und festgestellt, dass das ja f\u00fcr jeden Tag im Jahr eine Geschichte ist\u2026 Und so habe ich sie \u00fcberarbeitet und im Textatelier am Murtensee korrigieren und lektorieren lassen und sie schliesslich im Sound &#8211; Garden bei Walter Gysel in Zuzwil eingelesen.<br \/>\nEin Jahr war ich damit besch\u00e4ftigt, <strong>Babo auf dem Weg<\/strong> in eine Form zu bringen. Lassen Sie sich \u00fcberraschen und lesen und h\u00f6ren Sie sie auf <a href=\"http:\/\/www.babo365.ch\">www.babo365.ch<\/a>. Ich w\u00fcnsche Ihnen viel Freude dabei!<br \/>\nUnd nun schliesst sich der Kreis\u2026 mein Lebensweg\u2026 und ich denke:<br \/>\nVielleicht will Babo ja auch deshalb ans Meer, weil die Geschichten dann fliessen\u2026 einfach so aufs Papier\u2026 eine um die andere\u2026<\/p>\n","protected":false},"excerpt":{"rendered":"<p>Ich habe eine Idee und beginne mit dem Bleistift auf Papier zu schreiben&#8230; Ich schreibe mich ein. Mit der Zeit fliesst es\u2026 ganz leicht kommen die Worte. Die Geschichte nimmt ihren Lauf\u2026 Ich bin ganz in der Geschichte\u2026 Es schreibt\u2026 Ich bin gl\u00fccklich\u2026 Sp\u00fcre, dass da etwas geschieht\u2026 dem ich mich ganz hingebe\u2026 Wie von&hellip; <a class=\"more-link\" href=\"https:\/\/www.barbara-saladin.ch\/?page_id=377\"><span class=\"screen-reader-text\">Mein Weg<\/span> weiterlesen<\/a><\/p>\n","protected":false},"author":1,"featured_media":0,"parent":0,"menu_order":0,"comment_status":"closed","ping_status":"closed","template":"","meta":{"footnotes":""},"class_list":["post-377","page","type-page","status-publish","hentry","entry"],"_links":{"self":[{"href":"https:\/\/www.barbara-saladin.ch\/index.php?rest_route=\/wp\/v2\/pages\/377","targetHints":{"allow":["GET"]}}],"collection":[{"href":"https:\/\/www.barbara-saladin.ch\/index.php?rest_route=\/wp\/v2\/pages"}],"about":[{"href":"https:\/\/www.barbara-saladin.ch\/index.php?rest_route=\/wp\/v2\/types\/page"}],"author":[{"embeddable":true,"href":"https:\/\/www.barbara-saladin.ch\/index.php?rest_route=\/wp\/v2\/users\/1"}],"replies":[{"embeddable":true,"href":"https:\/\/www.barbara-saladin.ch\/index.php?rest_route=%2Fwp%2Fv2%2Fcomments&post=377"}],"version-history":[{"count":14,"href":"https:\/\/www.barbara-saladin.ch\/index.php?rest_route=\/wp\/v2\/pages\/377\/revisions"}],"predecessor-version":[{"id":1801,"href":"https:\/\/www.barbara-saladin.ch\/index.php?rest_route=\/wp\/v2\/pages\/377\/revisions\/1801"}],"wp:attachment":[{"href":"https:\/\/www.barbara-saladin.ch\/index.php?rest_route=%2Fwp%2Fv2%2Fmedia&parent=377"}],"curies":[{"name":"wp","href":"https:\/\/api.w.org\/{rel}","templated":true}]}}