{"id":16,"date":"2009-04-29T21:33:43","date_gmt":"2009-04-29T19:33:43","guid":{"rendered":"http:\/\/www.barbara-saladin.ch\/?page_id=16"},"modified":"2026-08-31T18:45:23","modified_gmt":"2026-08-31T16:45:23","slug":"geschichte-des-monats","status":"publish","type":"page","link":"https:\/\/www.barbara-saladin.ch\/?page_id=16","title":{"rendered":"Monatsgeschichte"},"content":{"rendered":"<p>Einmal im Monat m\u00f6chte ich mit Ihnen die neuste Babo-Geschichte teilen.<\/p>\n<h2>Babo und der Weg<\/h2>\n<p>Einmal dachte Babo dar\u00fcber nach, wie oft sie schon auf ihrem Weg einen Umweg gemacht hatte.<br \/>\nWie sie in Richtung S\u00fcden lief und sich auf einmal, ohne es zu merken, auf einem Weg gegen Norden fortbewegte.<br \/>\nDas geschah meistens, wenn sie in Gedanken war und einfach so dahinlief&#8230;<br \/>\nOder, als sie einmal im Kreis lief und dann unendlich w\u00fctend war, als sie den Apfelbaum, den sie Stunden vorher verlassen hatte, wiedersah.<br \/>\nUnd die Frau mit dem Hund zu ihr sagte:<br \/>\nSie sind so nett zu mir&#8230; Und wie sind Sie zu sich? Haben Sie sich denn gar nicht gern?<br \/>\nSie hatte ja so recht!<br \/>\nSie \u00fcberlegte.<br \/>\nDas kam noch aus der Zeit, als sie immer ein Ziel im Auge hatte und keinen Schritt zu viel machen wollte.<br \/>\nSie kaufte ein, wenn die Leute beim Mittagessen waren&#8230; Sie hasste es, an der Kasse zu warten&#8230; Sie fuhr mit dem Auto, wenn sie sicher war, dass sie nicht im Stau stehen w\u00fcrde.<br \/>\nDann erz\u00e4hlte sie ihren Freunden, dass sie halt praktisch veranlagt sei. Und die antworteten: Nein, du bist zielorientiert! Du passt prima in die heutige Zeit!<br \/>\nDabei wollte sie das alles nicht&#8230; dabei&#8230;. sie fand Warten so sinnlos&#8230;<br \/>\nSie musste dar\u00fcber lachen&#8230;<br \/>\nInzwischen hatte sie aufgeh\u00f6rt, ein Ziel zu verfolgen.<br \/>\nDoch was war ihr Ziel?<br \/>\nEs konnte \u00fcberall sein. Vielleicht war es das Meer&#8230; vielleicht war es ein Bergdorf&#8230; vielleicht&#8230;<br \/>\nSie zuckte mit den Achseln.<br \/>\nWer weiss&#8230;<br \/>\nEs macht mich einfach frei&#8230; dass ich so fr\u00f6hlich in die Weite laufen kann und keine Ahnung habe, wo es mal enden wird&#8230;<br \/>\nEnden?<br \/>\nGibt es das? Oder war das Leben ein stetes Fliessen&#8230; ein Sich &#8211; Weiterbewegen ohne Ende\u2026<br \/>\nSie sp\u00fcrte, dass ihr alles recht war&#8230;<br \/>\nWer weiss&#8230;<em><br \/>\nBarbara Saladin <\/em><\/p>\n","protected":false},"excerpt":{"rendered":"<p>Einmal im Monat m\u00f6chte ich mit Ihnen die neuste Babo-Geschichte teilen. Babo und der Weg Einmal dachte Babo dar\u00fcber nach, wie oft sie schon auf ihrem Weg einen Umweg gemacht hatte. Wie sie in Richtung S\u00fcden lief und sich auf einmal, ohne es zu merken, auf einem Weg gegen Norden fortbewegte. Das geschah meistens, wenn&hellip; <a class=\"more-link\" href=\"https:\/\/www.barbara-saladin.ch\/?page_id=16\"><span class=\"screen-reader-text\">Monatsgeschichte<\/span> weiterlesen<\/a><\/p>\n","protected":false},"author":1,"featured_media":0,"parent":0,"menu_order":0,"comment_status":"closed","ping_status":"closed","template":"","meta":{"footnotes":""},"class_list":["post-16","page","type-page","status-publish","hentry","entry"],"_links":{"self":[{"href":"https:\/\/www.barbara-saladin.ch\/index.php?rest_route=\/wp\/v2\/pages\/16","targetHints":{"allow":["GET"]}}],"collection":[{"href":"https:\/\/www.barbara-saladin.ch\/index.php?rest_route=\/wp\/v2\/pages"}],"about":[{"href":"https:\/\/www.barbara-saladin.ch\/index.php?rest_route=\/wp\/v2\/types\/page"}],"author":[{"embeddable":true,"href":"https:\/\/www.barbara-saladin.ch\/index.php?rest_route=\/wp\/v2\/users\/1"}],"replies":[{"embeddable":true,"href":"https:\/\/www.barbara-saladin.ch\/index.php?rest_route=%2Fwp%2Fv2%2Fcomments&post=16"}],"version-history":[{"count":248,"href":"https:\/\/www.barbara-saladin.ch\/index.php?rest_route=\/wp\/v2\/pages\/16\/revisions"}],"predecessor-version":[{"id":1834,"href":"https:\/\/www.barbara-saladin.ch\/index.php?rest_route=\/wp\/v2\/pages\/16\/revisions\/1834"}],"wp:attachment":[{"href":"https:\/\/www.barbara-saladin.ch\/index.php?rest_route=%2Fwp%2Fv2%2Fmedia&parent=16"}],"curies":[{"name":"wp","href":"https:\/\/api.w.org\/{rel}","templated":true}]}}

<p>Einmal im Monat möchte ich mit Ihnen die neuste Babo-Geschichte teilen.</p>
<h2>Babo und der Weg</h2>
<p>Einmal dachte Babo darüber nach, wie oft sie schon auf ihrem Weg einen Umweg gemacht hatte.<br />
Wie sie in Richtung Süden lief und sich auf einmal, ohne es zu merken, auf einem Weg gegen Norden fortbewegte.<br />
Das geschah meistens, wenn sie in Gedanken war und einfach so dahinlief&#8230;<br />
Oder, als sie einmal im Kreis lief und dann unendlich wütend war, als sie den Apfelbaum, den sie Stunden vorher verlassen hatte, wiedersah.<br />
Und die Frau mit dem Hund zu ihr sagte:<br />
Sie sind so nett zu mir&#8230; Und wie sind Sie zu sich? Haben Sie sich denn gar nicht gern?<br />
Sie hatte ja so recht!<br />
Sie überlegte.<br />
Das kam noch aus der Zeit, als sie immer ein Ziel im Auge hatte und keinen Schritt zu viel machen wollte.<br />
Sie kaufte ein, wenn die Leute beim Mittagessen waren&#8230; Sie hasste es, an der Kasse zu warten&#8230; Sie fuhr mit dem Auto, wenn sie sicher war, dass sie nicht im Stau stehen würde.<br />
Dann erzählte sie ihren Freunden, dass sie halt praktisch veranlagt sei. Und die antworteten: Nein, du bist zielorientiert! Du passt prima in die heutige Zeit!<br />
Dabei wollte sie das alles nicht&#8230; dabei&#8230;. sie fand Warten so sinnlos&#8230;<br />
Sie musste darüber lachen&#8230;<br />
Inzwischen hatte sie aufgehört, ein Ziel zu verfolgen.<br />
Doch was war ihr Ziel?<br />
Es konnte überall sein. Vielleicht war es das Meer&#8230; vielleicht war es ein Bergdorf&#8230; vielleicht&#8230;<br />
Sie zuckte mit den Achseln.<br />
Wer weiss&#8230;<br />
Es macht mich einfach frei&#8230; dass ich so fröhlich in die Weite laufen kann und keine Ahnung habe, wo es mal enden wird&#8230;<br />
Enden?<br />
Gibt es das? Oder war das Leben ein stetes Fliessen&#8230; ein Sich &#8211; Weiterbewegen ohne Ende…<br />
Sie spürte, dass ihr alles recht war&#8230;<br />
Wer weiss&#8230;<em><br />
Barbara Saladin </em></p>

<p>Einmal im Monat möchte ich mit Ihnen die neuste Babo-Geschichte teilen. Babo und der Weg Einmal dachte Babo darüber nach, wie oft sie schon auf ihrem Weg einen Umweg gemacht hatte. Wie sie in Richtung Süden lief und sich auf einmal, ohne es zu merken, auf einem Weg gegen Norden fortbewegte. Das geschah meistens, wenn&hellip; <a class="more-link" href="https://www.barbara-saladin.ch/?page_id=16"><span class="screen-reader-text">Monatsgeschichte</span> weiterlesen</a></p>
