{"id":16,"date":"2009-04-29T21:33:43","date_gmt":"2009-04-29T19:33:43","guid":{"rendered":"http:\/\/www.barbara-saladin.ch\/?page_id=16"},"modified":"2026-03-31T17:34:57","modified_gmt":"2026-03-31T15:34:57","slug":"geschichte-des-monats","status":"publish","type":"page","link":"https:\/\/www.barbara-saladin.ch\/?page_id=16","title":{"rendered":"Monatsgeschichte"},"content":{"rendered":"<p>Einmal im Monat m\u00f6chte ich mit Ihnen die neuste Babo-Geschichte teilen.<\/p>\n<h2>Babo l\u00e4sst offen<\/h2>\n<p>Einmal kam wieder die ewig gleiche Frage:<br \/>\nJa, wohin denn am Meer?<br \/>\nBabo hatte zuvor:<br \/>\nRichtung S\u00fcden, zum Meer!, gesagt.<br \/>\nEs war ihr schon einige Male passiert, dass das f\u00fcr die meisten Leute viel zu vage war&#8230;<br \/>\nDoch sie wollte sich nicht festlegen\u2026 zumal sie es ja selber nicht wusste\u2026<br \/>\nAlso, jetzt geh ich gerade gegen S\u00fcden\u2026 da, wo die Sonne steht\u2026 und das f\u00fchrt ja unweigerlich irgendwann ans Meer.<br \/>\nSie merkte, wie der andere schlucken musste und sich fassen.<br \/>\nIst Ihnen das nicht zu ungenau? &#8230; Ich meine\u2026<br \/>\nNun r\u00e4usperte er sich\u2026<br \/>\nIch will Ihre Pl\u00e4ne ja nicht durcheinanderbringen\u2026 aber das Meer ist ein weiter Begriff!<br \/>\nBabo nickte eifrig.<br \/>\nUnd so weit soll er auch bleiben\u2026 Weiss ich denn, wo ich aufs Meer treffe?<br \/>\nDa gibt es ja auch die Routenplaner\u2026 die f\u00fchren Sie genau dorthin, wo Sie hinwollen.<br \/>\nBabo \u00fcberlegte.<br \/>\nWeiss ich denn, wohin ich will? Ans Meer\u2026 ja\u2026 aber sonst?<br \/>\nSie merkte, wie sie den Mann verwirrte\u2026<br \/>\nAch was!, sagte sie.<br \/>\nLassen wir es offen\u2026 so offen\u2026 wie das Meer\u2026<br \/>\nSie hatte \u00fcberhaupt keine Lust, irgendwas zu sagen, damit der andere zufrieden war.<br \/>\nWie Sie wollen!<br \/>\nNun war er beleidigt\u2026<br \/>\nUnd ihr wars egal\u2026<br \/>\nDas war auch neu! Zum ersten Mal liess sie es genau so stehen, wie sie sich f\u00fchlte. Und versuchte nicht, den anderen zu beruhigen.<br \/>\nSie zeigte zur Sonne.<br \/>\nSehen Sie! Die zeigt mir den Weg!<br \/>\nDa zuckte der Mann mit den Schultern.<br \/>\nDas ist Ihr Weg!<br \/>\nEben\u2026<em><br \/>\nBarbara Saladin <\/em><\/p>\n","protected":false},"excerpt":{"rendered":"<p>Einmal im Monat m\u00f6chte ich mit Ihnen die neuste Babo-Geschichte teilen. Babo l\u00e4sst offen Einmal kam wieder die ewig gleiche Frage: Ja, wohin denn am Meer? Babo hatte zuvor: Richtung S\u00fcden, zum Meer!, gesagt. Es war ihr schon einige Male passiert, dass das f\u00fcr die meisten Leute viel zu vage war&#8230; Doch sie wollte sich&hellip; <a class=\"more-link\" href=\"https:\/\/www.barbara-saladin.ch\/?page_id=16\"><span class=\"screen-reader-text\">Monatsgeschichte<\/span> weiterlesen<\/a><\/p>\n","protected":false},"author":1,"featured_media":0,"parent":0,"menu_order":0,"comment_status":"closed","ping_status":"closed","template":"","meta":{"footnotes":""},"class_list":["post-16","page","type-page","status-publish","hentry","entry"],"_links":{"self":[{"href":"https:\/\/www.barbara-saladin.ch\/index.php?rest_route=\/wp\/v2\/pages\/16","targetHints":{"allow":["GET"]}}],"collection":[{"href":"https:\/\/www.barbara-saladin.ch\/index.php?rest_route=\/wp\/v2\/pages"}],"about":[{"href":"https:\/\/www.barbara-saladin.ch\/index.php?rest_route=\/wp\/v2\/types\/page"}],"author":[{"embeddable":true,"href":"https:\/\/www.barbara-saladin.ch\/index.php?rest_route=\/wp\/v2\/users\/1"}],"replies":[{"embeddable":true,"href":"https:\/\/www.barbara-saladin.ch\/index.php?rest_route=%2Fwp%2Fv2%2Fcomments&post=16"}],"version-history":[{"count":244,"href":"https:\/\/www.barbara-saladin.ch\/index.php?rest_route=\/wp\/v2\/pages\/16\/revisions"}],"predecessor-version":[{"id":1818,"href":"https:\/\/www.barbara-saladin.ch\/index.php?rest_route=\/wp\/v2\/pages\/16\/revisions\/1818"}],"wp:attachment":[{"href":"https:\/\/www.barbara-saladin.ch\/index.php?rest_route=%2Fwp%2Fv2%2Fmedia&parent=16"}],"curies":[{"name":"wp","href":"https:\/\/api.w.org\/{rel}","templated":true}]}}