{"id":12,"date":"2009-04-29T21:32:14","date_gmt":"2009-04-29T19:32:14","guid":{"rendered":"http:\/\/www.barbara-saladin.ch\/?page_id=12"},"modified":"2025-07-24T10:25:39","modified_gmt":"2025-07-24T08:25:39","slug":"bucher","status":"publish","type":"page","link":"https:\/\/www.barbara-saladin.ch\/?page_id=12","title":{"rendered":"B\u00fccher"},"content":{"rendered":"<p><strong>Babo auf dem Weg <\/strong><br \/>\n77 Wohlf\u00fchl \u2013 Geschichten\u00a0\u2022\u00a0C. F. Portmann Verlag\u00a0\u2022\u00a0Barbara Saladin\u00a0\u2022<br \/>\nca. 208 Seiten \u2013 20 x 14 cm\u00a0\u2022\u00a0Hardcover in Fadenheftung\u00a0\u2022<br \/>\nISBN 978-3-906014-34-0 \u2022 ( 20.- SFr.)<\/p>\n<p><a href=\"https:\/\/www.barbara-saladin.ch\/wp-content\/uploads\/2016\/08\/BaboaufdemWeg.png\"><img loading=\"lazy\" decoding=\"async\" class=\"alignleft wp-image-803 size-full\" src=\"https:\/\/www.barbara-saladin.ch\/wp-content\/uploads\/2016\/08\/BaboaufdemWeg.png\" alt=\"\" width=\"184\" height=\"269\" \/><\/a><\/p>\n<p>Mit Babo auf den Weg.<br \/>\nHumorvoll beschreibt Barbara Saladin, was ihr unterwegs alles begegnet und passiert.<br \/>\nAchtsam entsteht so eine Geschichte um die andere\u2026<br \/>\nEs kann auch Ihre Geschichte sein.<br \/>\nSie fragen sich am Morgen:<br \/>\nWas bringt mir der Tag?<br \/>\nUnd schlagen spontan eine Seite auf\u2026<br \/>\nSie werden erstaunt sein\u2026 denn da ist Ihre Geschichte. Vielleicht m\u00f6chten Sie aber auch eine dieser wunderbaren Wohlf\u00fchl \u2013 Geschichten h\u00f6ren.<br \/>\nIm Shop k\u00f6nnen Sie jede einzeln erwerben.<br \/>\nViel Vergn\u00fcgen!<\/p>\n<p><strong>Tage gibts<\/strong><br \/>\n25 Versuche \u00fcber den Tag \u2022 SABA \u2022Barbara Saladin \u2022 80 Seiten \u2013 20 x 12 cm. \u2022 Gebunden und broschiert. \u2022 ISBN 3-9520314-7-X \u2022 (10.-\u00a0SFr.)<\/p>\n<p><a href=\"https:\/\/www.barbara-saladin.ch\/wp-content\/uploads\/2009\/05\/tagegibts.jpg\"><img loading=\"lazy\" decoding=\"async\" class=\"alignleft wp-image-40 size-full\" src=\"https:\/\/www.barbara-saladin.ch\/wp-content\/uploads\/2009\/05\/tagegibts.jpg\" alt=\"tagegibts\" width=\"179\" height=\"262\" \/><\/a>Mit 25 Versuchen den Tag beschwingt beginnen, ihn l\u00e4chelnd \u00fcberstehen und heiter beenden.<br \/>\nSo wie ein Faultag.<br \/>\nEin Tag vor sich hin faulen wie faules Obst.<br \/>\nEin Tag\u00a0einfach sein. Faul sein.<br \/>\nPause machen. Gutes tun.<br \/>\nIch tue dies, ich tue das, ich mache immer was.<br \/>\nNichts tun. Nichts machen.<br \/>\nFaulsein ist zeitlos.<br \/>\nIst sein.<br \/>\nIst.<\/p>\n<p><strong>Weihnachten \u2013 heute 1 bis 3<\/strong><br \/>\nSABA \u2022 Barbara Saladin \u2022 ca. 95 S. \u2013 20 x 12 cm. \u2022 Gebunden oder broschiert.<br \/>\nISBN 3-909345-08-5 \u2022 ISBN 3-9520314-0-2 \u2022 ISBN 3-9520314-5-3<br \/>\nPaA (je 10.- SFr.)<\/p>\n<p><a href=\"https:\/\/www.barbara-saladin.ch\/wp-content\/uploads\/2009\/04\/weihnachten1.gif\"><img loading=\"lazy\" decoding=\"async\" class=\"alignleft wp-image-131 size-full\" src=\"https:\/\/www.barbara-saladin.ch\/wp-content\/uploads\/2009\/04\/weihnachten1.gif\" alt=\"weihnachten1\" width=\"170\" height=\"338\" \/><\/a><\/p>\n<p>In jeweils 15 Kurzgeschichten erz\u00e4hlt Barbara Saladin vom Weihnachten \u2013 heute. Sie schildert, was Menschen von heute um Weihnachten herum erleben, was ihnen begegnet und was ihnen geschieht.<\/p>\n<p><strong>Weihnachten \u2013 heute (CD)<br \/>\n<\/strong>SABA\u00a0\u2022\u00a0Barbara Saladin liest\u00a07 Weihnachtsgeschichten<br \/>\nGesamtspieldauer 71 Min.\u00a0\u2022\u00a0ISBN 3-9520314-6-1\u00a0\u2022\u00a0CD ( 10.- SFr.)<\/p>\n<div class=\"hfeed\">\n<p><a href=\"https:\/\/www.barbara-saladin.ch\/wp-content\/uploads\/2009\/04\/weihnachtencd.gif\"><img loading=\"lazy\" decoding=\"async\" class=\"alignleft wp-image-135 size-full\" src=\"https:\/\/www.barbara-saladin.ch\/wp-content\/uploads\/2009\/04\/weihnachtencd.gif\" alt=\"weihnachtencd\" width=\"142\" height=\"142\" \/><\/a><\/p>\n<p>H\u00f6ren in \u201eWeihnachten \u2013 heute\u201c wie:<br \/>\n\u2026einer, der an Weihnachten seine Wurzeln sucht. Nachdem er erfahren hat, dass seine Eltern gar nicht seine Eltern sind\u2026<\/p>\n<p><a href=\"https:\/\/www.barbara-saladin.ch\/wp-content\/uploads\/2009\/04\/wurzeln60.mp3\">H\u00f6rprobe<\/a><\/p>\n<\/div>\n<p><strong>Die Farbe des Himmels<br \/>\n<\/strong>SABA, 1996\u00a0\u2022\u00a0Barbara Saladin\u00a0\u2022\u00a084 S. \u2013 20 x 12 cm. \u2013 Broschiert<br \/>\nISBN 3-9520314-4-5\u00a0\u2022\u00a0PaA (10.-\u00a0SFr.)<\/p>\n<p><a href=\"https:\/\/www.barbara-saladin.ch\/wp-content\/uploads\/2009\/05\/farbedeshimmel.jpg\"><img loading=\"lazy\" decoding=\"async\" class=\"alignleft wp-image-37 size-full\" src=\"https:\/\/www.barbara-saladin.ch\/wp-content\/uploads\/2009\/05\/farbedeshimmel.jpg\" alt=\"farbedeshimmel\" width=\"170\" height=\"283\" \/><\/a>18 farbige Geschichten<br \/>\nManchmal ist die Farbe orange ein oranger Faden, der sich durch ein Leben zieht.<br \/>\nZuerst ist da die Rassel mit der orangefarbenen Kugel, die er so liebt und geradewegs in den Mund steckt.<br \/>\nDann die orange Skijacke aus gl\u00e4nzendem Stoff, und er auf dem Siegerpodest mit der Plakette um den Hals.<br \/>\nSeine Freundin schenkt ihm einen ganz weichen, ganz orangen Schal. So eine Frau ist zum Heiraten.<br \/>\nAls Vertreter hat er eine Vorliebe f\u00fcr orangegemusterte Krawatten, die schon bald zu seinem Markenzeichen werden.\u00a0Im Altersheim erscheint er immer mit seinen orangen Servietten im Speisesaal.\u00a0Die Alten lachen \u00fcber ihn: Orange Servietten! In Ihrem Alter!<\/p>\n<p><strong>Sie hatte alles<br \/>\n<\/strong>SABA, 1994\u00a0\u2022\u00a0Barbara Saladin\u00a0\u2022\u00a092 S. \u2013 20 x 12 cm. \u2013 Broschiert<br \/>\nISBN 3-9520314-2-9\u00a0\u2022\u00a0PaA (10.- SFr.)<\/p>\n<p><a href=\"https:\/\/www.barbara-saladin.ch\/wp-content\/uploads\/2009\/05\/siehattealles.jpg\"><img loading=\"lazy\" decoding=\"async\" class=\"alignleft wp-image-39 size-full\" src=\"https:\/\/www.barbara-saladin.ch\/wp-content\/uploads\/2009\/05\/siehattealles.jpg\" alt=\"siehattealles\" width=\"170\" height=\"283\" \/><\/a>20 Kurzgeschichten \u2013 20 Lebensgeschichten<br \/>\nDie 20 Kurzgeschichten sind zugleich auch Lebensgeschichten. Sie zeigen auf, wie sehr kleine Begebenheiten ein ganzes Leben pr\u00e4gen k\u00f6nnen.<br \/>\nDa ist die Tochter, die alles hat. Ein weiches Bett, saubere Kleidung und eine gute Schulausbildung. Und auch die Mutter, die alles hat. Und doch\u2026<br \/>\nUnd die Frau, der als Kind verboten wird zu singen.<br \/>\n\u201eTu mir nur einen Gefallen und sing nicht, denn sonst dreht sich mir von deinen falschen T\u00f6nen der Magen um.\u201c\u00a0Und dann findet sie ganz pl\u00f6tzlich ihren eigenen Ton.\u00a0Oder Frau Reinhard im Pflegeheim. F\u00fcr die sich Gegenwart und Vergangenheit vermischen.<\/p>\n<p><strong>Miteinander geht\u2019s besser<\/strong><\/p>\n<p>15 Fabeln\u00a0\u2022\u00a0SABA, 1993\u00a0\u2022\u00a0Barbara Saladin\u00a0\u2022\u00a0100 S. \u2013 20 x 12 cm. \u2013 Broschiert<br \/>\nISBN 3-9520314-1-0\u00a0\u2022\u00a0PaA (10.- SFr.)<\/p>\n<p><a href=\"https:\/\/www.barbara-saladin.ch\/wp-content\/uploads\/2009\/05\/miteinander.jpg\"><img loading=\"lazy\" decoding=\"async\" class=\"alignleft wp-image-38 size-full\" src=\"https:\/\/www.barbara-saladin.ch\/wp-content\/uploads\/2009\/05\/miteinander.jpg\" alt=\"miteinander\" width=\"170\" height=\"283\" \/><\/a>15 fabelhafte Fabeln<\/p>\n<p>\u201eMiteinander geht\u2019s besser\u201c, stellen ganz verschiedene Tiere in den fabelhaften Fabeln fest.<br \/>\nSo findet die langsame Schnecke: Jeder hat doch das Tempo, das zu ihm passt! Und ich ziehe mich immer bei Gefahr in mein Haus zur\u00fcck.\u00a0Und das Schwein, das vor lauter Schweinerei vergessen hat, ein Schwein zu sein, l\u00e4sst sich auf der Stelle in den Morast fallen und w\u00e4lzt und suhlt sich nach Herzenslust. Denn was gibt es Sch\u00f6neres, als sich so richtig als Schwein zu f\u00fchlen?<\/p>\n<p><strong>Die B\u00fccher k\u00f6nnen im Buchhandel oder direkt<br \/>\n<\/strong><strong> bei folgender Adresse bezogen werden:<\/strong><br \/>\n<strong>Barbara Saladin<\/strong><br \/>\n<strong>Dierauerstrasse 17<\/strong><br \/>\n<strong>9000 St. Gallen<\/strong><br \/>\n<strong>Telefon 071 385 35 44<\/strong><br \/>\n<strong>info@barbara-saladin.ch<\/strong><\/p>\n","protected":false},"excerpt":{"rendered":"<p>Babo auf dem Weg 77 Wohlf\u00fchl \u2013 Geschichten\u00a0\u2022\u00a0C. F. Portmann Verlag\u00a0\u2022\u00a0Barbara Saladin\u00a0\u2022 ca. 208 Seiten \u2013 20 x 14 cm\u00a0\u2022\u00a0Hardcover in Fadenheftung\u00a0\u2022 ISBN 978-3-906014-34-0 \u2022 ( 20.- SFr.) Mit Babo auf den Weg. Humorvoll beschreibt Barbara Saladin, was ihr unterwegs alles begegnet und passiert. Achtsam entsteht so eine Geschichte um die andere\u2026 Es kann auch&hellip; <a class=\"more-link\" href=\"https:\/\/www.barbara-saladin.ch\/?page_id=12\"><span class=\"screen-reader-text\">B\u00fccher<\/span> weiterlesen<\/a><\/p>\n","protected":false},"author":1,"featured_media":0,"parent":0,"menu_order":0,"comment_status":"closed","ping_status":"closed","template":"","meta":{"footnotes":""},"class_list":["post-12","page","type-page","status-publish","hentry","entry"],"_links":{"self":[{"href":"https:\/\/www.barbara-saladin.ch\/index.php?rest_route=\/wp\/v2\/pages\/12","targetHints":{"allow":["GET"]}}],"collection":[{"href":"https:\/\/www.barbara-saladin.ch\/index.php?rest_route=\/wp\/v2\/pages"}],"about":[{"href":"https:\/\/www.barbara-saladin.ch\/index.php?rest_route=\/wp\/v2\/types\/page"}],"author":[{"embeddable":true,"href":"https:\/\/www.barbara-saladin.ch\/index.php?rest_route=\/wp\/v2\/users\/1"}],"replies":[{"embeddable":true,"href":"https:\/\/www.barbara-saladin.ch\/index.php?rest_route=%2Fwp%2Fv2%2Fcomments&post=12"}],"version-history":[{"count":68,"href":"https:\/\/www.barbara-saladin.ch\/index.php?rest_route=\/wp\/v2\/pages\/12\/revisions"}],"predecessor-version":[{"id":1731,"href":"https:\/\/www.barbara-saladin.ch\/index.php?rest_route=\/wp\/v2\/pages\/12\/revisions\/1731"}],"wp:attachment":[{"href":"https:\/\/www.barbara-saladin.ch\/index.php?rest_route=%2Fwp%2Fv2%2Fmedia&parent=12"}],"curies":[{"name":"wp","href":"https:\/\/api.w.org\/{rel}","templated":true}]}}